{"id":24,"date":"2022-10-21T17:41:30","date_gmt":"2022-10-21T17:41:30","guid":{"rendered":"http:\/\/www.halisyesil.com\/?page_id=24"},"modified":"2022-11-27T12:37:51","modified_gmt":"2022-11-27T12:37:51","slug":"oykuler","status":"publish","type":"page","link":"http:\/\/www.halisyesil.com\/?page_id=24","title":{"rendered":"\u00d6yk\u00fcler"},"content":{"rendered":"\n<div>\n\t<iframe loading=\"lazy\" src=\"http:\/\/www.halisyesil.com\/wp-content\/uploads\/2022\/10\/Madam-Serofima.pdf\" width=\"100%\" height=\"600px\"><\/iframe>\n<\/div>\n","protected":false},"excerpt":{"rendered":"","protected":false},"author":1,"featured_media":0,"parent":0,"menu_order":0,"comment_status":"closed","ping_status":"closed","template":"","meta":[],"yoast_head":"<!-- This site is optimized with the Yoast SEO plugin v19.13 - https:\/\/yoast.com\/wordpress\/plugins\/seo\/ -->\n<title>\u00d6yk\u00fcler - Halis Ye\u015fil<\/title>\n<meta name=\"robots\" content=\"index, follow, max-snippet:-1, max-image-preview:large, max-video-preview:-1\" \/>\n<link rel=\"canonical\" href=\"http:\/\/www.halisyesil.com\/?page_id=24\" \/>\n<meta property=\"og:locale\" content=\"tr_TR\" \/>\n<meta property=\"og:type\" content=\"article\" \/>\n<meta property=\"og:title\" content=\"\u00d6yk\u00fcler - Halis Ye\u015fil\" \/>\n<meta property=\"og:url\" content=\"http:\/\/www.halisyesil.com\/?page_id=24\" \/>\n<meta property=\"og:site_name\" content=\"Halis Ye\u015fil\" \/>\n<meta property=\"article:publisher\" content=\"https:\/\/www.facebook.com\/halis.yesil.3\" \/>\n<meta property=\"article:modified_time\" content=\"2022-11-27T12:37:51+00:00\" \/>\n<meta name=\"twitter:card\" content=\"summary_large_image\" \/>\n<meta name=\"twitter:site\" content=\"@halisyesil\" \/>\n<script type=\"application\/ld+json\" class=\"yoast-schema-graph\">{\"@context\":\"https:\/\/schema.org\",\"@graph\":[{\"@type\":\"WebPage\",\"@id\":\"http:\/\/www.halisyesil.com\/?page_id=24\",\"url\":\"http:\/\/www.halisyesil.com\/?page_id=24\",\"name\":\"\u00d6yk\u00fcler - Halis Ye\u015fil\",\"isPartOf\":{\"@id\":\"http:\/\/www.halisyesil.com\/#website\"},\"datePublished\":\"2022-10-21T17:41:30+00:00\",\"dateModified\":\"2022-11-27T12:37:51+00:00\",\"breadcrumb\":{\"@id\":\"http:\/\/www.halisyesil.com\/?page_id=24#breadcrumb\"},\"inLanguage\":\"tr\",\"potentialAction\":[{\"@type\":\"ReadAction\",\"target\":[\"http:\/\/www.halisyesil.com\/?page_id=24\"]}]},{\"@type\":\"BreadcrumbList\",\"@id\":\"http:\/\/www.halisyesil.com\/?page_id=24#breadcrumb\",\"itemListElement\":[{\"@type\":\"ListItem\",\"position\":1,\"name\":\"Anasayfa\",\"item\":\"http:\/\/www.halisyesil.com\/\"},{\"@type\":\"ListItem\",\"position\":2,\"name\":\"\u00d6yk\u00fcler\"}]},{\"@type\":\"WebSite\",\"@id\":\"http:\/\/www.halisyesil.com\/#website\",\"url\":\"http:\/\/www.halisyesil.com\/\",\"name\":\"Halis Ye\u015fil\",\"description\":\"\",\"publisher\":{\"@id\":\"http:\/\/www.halisyesil.com\/#\/schema\/person\/c7acfb85f3d51f50460052eba3fab223\"},\"potentialAction\":[{\"@type\":\"SearchAction\",\"target\":{\"@type\":\"EntryPoint\",\"urlTemplate\":\"http:\/\/www.halisyesil.com\/?s={search_term_string}\"},\"query-input\":\"required name=search_term_string\"}],\"inLanguage\":\"tr\"},{\"@type\":[\"Person\",\"Organization\"],\"@id\":\"http:\/\/www.halisyesil.com\/#\/schema\/person\/c7acfb85f3d51f50460052eba3fab223\",\"name\":\"admin\",\"image\":{\"@type\":\"ImageObject\",\"inLanguage\":\"tr\",\"@id\":\"http:\/\/www.halisyesil.com\/#\/schema\/person\/image\/\",\"url\":\"http:\/\/www.halisyesil.com\/wp-content\/uploads\/2022\/10\/02-Copy-scaled-e1666378614129.jpg\",\"contentUrl\":\"http:\/\/www.halisyesil.com\/wp-content\/uploads\/2022\/10\/02-Copy-scaled-e1666378614129.jpg\",\"width\":1920,\"height\":1080,\"caption\":\"admin\"},\"logo\":{\"@id\":\"http:\/\/www.halisyesil.com\/#\/schema\/person\/image\/\"},\"sameAs\":[\"http:\/\/www.halisyesil.com\",\"https:\/\/www.facebook.com\/halis.yesil.3\",\"https:\/\/www.instagram.com\/halisyesil_\/\",\"https:\/\/www.linkedin.com\/in\/halis-yesil-b99bab2a\/?originalSubdomain=tr\",\"https:\/\/twitter.com\/https:\/\/twitter.com\/halisyesil\"]}]}<\/script>\n<!-- \/ Yoast SEO plugin. -->","yoast_head_json":{"title":"\u00d6yk\u00fcler - Halis Ye\u015fil","robots":{"index":"index","follow":"follow","max-snippet":"max-snippet:-1","max-image-preview":"max-image-preview:large","max-video-preview":"max-video-preview:-1"},"canonical":"http:\/\/www.halisyesil.com\/?page_id=24","og_locale":"tr_TR","og_type":"article","og_title":"\u00d6yk\u00fcler - Halis Ye\u015fil","og_url":"http:\/\/www.halisyesil.com\/?page_id=24","og_site_name":"Halis Ye\u015fil","article_publisher":"https:\/\/www.facebook.com\/halis.yesil.3","article_modified_time":"2022-11-27T12:37:51+00:00","twitter_card":"summary_large_image","twitter_site":"@halisyesil","schema":{"@context":"https:\/\/schema.org","@graph":[{"@type":"WebPage","@id":"http:\/\/www.halisyesil.com\/?page_id=24","url":"http:\/\/www.halisyesil.com\/?page_id=24","name":"\u00d6yk\u00fcler - Halis Ye\u015fil","isPartOf":{"@id":"http:\/\/www.halisyesil.com\/#website"},"datePublished":"2022-10-21T17:41:30+00:00","dateModified":"2022-11-27T12:37:51+00:00","breadcrumb":{"@id":"http:\/\/www.halisyesil.com\/?page_id=24#breadcrumb"},"inLanguage":"tr","potentialAction":[{"@type":"ReadAction","target":["http:\/\/www.halisyesil.com\/?page_id=24"]}]},{"@type":"BreadcrumbList","@id":"http:\/\/www.halisyesil.com\/?page_id=24#breadcrumb","itemListElement":[{"@type":"ListItem","position":1,"name":"Anasayfa","item":"http:\/\/www.halisyesil.com\/"},{"@type":"ListItem","position":2,"name":"\u00d6yk\u00fcler"}]},{"@type":"WebSite","@id":"http:\/\/www.halisyesil.com\/#website","url":"http:\/\/www.halisyesil.com\/","name":"Halis Ye\u015fil","description":"","publisher":{"@id":"http:\/\/www.halisyesil.com\/#\/schema\/person\/c7acfb85f3d51f50460052eba3fab223"},"potentialAction":[{"@type":"SearchAction","target":{"@type":"EntryPoint","urlTemplate":"http:\/\/www.halisyesil.com\/?s={search_term_string}"},"query-input":"required name=search_term_string"}],"inLanguage":"tr"},{"@type":["Person","Organization"],"@id":"http:\/\/www.halisyesil.com\/#\/schema\/person\/c7acfb85f3d51f50460052eba3fab223","name":"admin","image":{"@type":"ImageObject","inLanguage":"tr","@id":"http:\/\/www.halisyesil.com\/#\/schema\/person\/image\/","url":"http:\/\/www.halisyesil.com\/wp-content\/uploads\/2022\/10\/02-Copy-scaled-e1666378614129.jpg","contentUrl":"http:\/\/www.halisyesil.com\/wp-content\/uploads\/2022\/10\/02-Copy-scaled-e1666378614129.jpg","width":1920,"height":1080,"caption":"admin"},"logo":{"@id":"http:\/\/www.halisyesil.com\/#\/schema\/person\/image\/"},"sameAs":["http:\/\/www.halisyesil.com","https:\/\/www.facebook.com\/halis.yesil.3","https:\/\/www.instagram.com\/halisyesil_\/","https:\/\/www.linkedin.com\/in\/halis-yesil-b99bab2a\/?originalSubdomain=tr","https:\/\/twitter.com\/https:\/\/twitter.com\/halisyesil"]}]}},"_links":{"self":[{"href":"http:\/\/www.halisyesil.com\/index.php?rest_route=\/wp\/v2\/pages\/24"}],"collection":[{"href":"http:\/\/www.halisyesil.com\/index.php?rest_route=\/wp\/v2\/pages"}],"about":[{"href":"http:\/\/www.halisyesil.com\/index.php?rest_route=\/wp\/v2\/types\/page"}],"author":[{"embeddable":true,"href":"http:\/\/www.halisyesil.com\/index.php?rest_route=\/wp\/v2\/users\/1"}],"replies":[{"embeddable":true,"href":"http:\/\/www.halisyesil.com\/index.php?rest_route=%2Fwp%2Fv2%2Fcomments&post=24"}],"version-history":[{"count":11,"href":"http:\/\/www.halisyesil.com\/index.php?rest_route=\/wp\/v2\/pages\/24\/revisions"}],"predecessor-version":[{"id":206,"href":"http:\/\/www.halisyesil.com\/index.php?rest_route=\/wp\/v2\/pages\/24\/revisions\/206"}],"wp:attachment":[{"href":"http:\/\/www.halisyesil.com\/index.php?rest_route=%2Fwp%2Fv2%2Fmedia&parent=24"}],"curies":[{"name":"wp","href":"https:\/\/api.w.org\/{rel}","templated":true}]}}